e
Let a(w) = 737*w + 22. Is a(5) a prime number?
False
Suppose 1201 = 4*r - 7579. Is r composite?
True
Let n(x) = -324*x**2 + 1. Let t be n(-1). Let w = -175 - t. Suppose w + 97 = 5*y. Is y prime?
False
Is -1 + 5 + -2 - (-783 - 2) a composite number?
False
Suppose -2*o - a = 9, 2*o - 25 = 7*o + 5*a. Let z = o - -4. Suppose -5*b + 206 - 11 = z. Is b a composite number?
True
Let x(y) = -3*y - 1. Suppose 10 = -5*w - 10. Is x(w) a composite number?
False
Let v(y) = -200*y + 51. Is v(-16) a composite number?
False
Let a(q) = -13*q - 11. Let l(i) = 12*i + 10. Let t(v) = 3*a(v) + 4*l(v). Is t(8) prime?
True
Let z(t) = 10 + 0*t**2 - t - 5*t**2 + 4*t**2. Is z(0) prime?
False
Let g(w) = -37*w + 2. Is g(-3) composite?
False
Suppose 2*o = -0*o - p + 2342, 0 = -p. Is o a composite number?
False
Let g = 17 + 140. Is g a prime number?
True
Let j be 1 + 1 + 12/4. Let b be -1 + -1*2 + 59. Suppose -u - j = -b. Is u prime?
False
Suppose -4*b = b - 15. Suppose 0*m = -b*m + 255. Is m prime?
False
Let n(t) = 4*t - 1. Let g be ((-9)/3)/3 - 1. Let x be n(g). Let v = x - -64. Is v prime?
False
Let q be 4/(-16) - 2/(-8). Suppose q = 3*b - 6*b + 1689. Is b a prime number?
True
Let u(p) = -p + 13. Let j(h) = -h**3 - 6*h**2 - 6*h + 4. Let x be j(-5). Let i be u(x). Suppose -4*k - 51 - 198 = -5*s, i*k + 4 = 0. Is s prime?
False
Suppose 5*y - 39 = -4. Let t(x) = -2*x + 8. Let j be t(y). Is 2 + (0 - 2) - j prime?
False
Suppose z + 6 = 5. Let p be (0 - (90 + -2))/z. Suppose 4*c - 2*g = p, -c + 22 = -0*c - 3*g. Is c composite?
True
Suppose 0 = -0*h + h - 3, -h = 5*j - 18218. Is j a composite number?
False
Let f(n) = -10*n**3 + 2*n**2 - 1. Let w be f(-2). Suppose -2*k - 2*q = k - 84, 3*k + 3*q = w. Suppose -t + k = -0*t. Is t a composite number?
True
Let c = 2817 - 858. Is c a prime number?
False
Suppose a - d = -0*a + 1, -2*a + 3*d - 2 = 0. Suppose -3*b + 749 = 3*s - 7*s, -246 = -b + a*s. Is b composite?
False
Let k = 6 - -42. Suppose -14 = o - k. Is o a prime number?
False
Let r(s) = 18*s + 7. Let m be r(6). Suppose -i + 3*h = 2*h - m, -h - 339 = -3*i. Suppose -6*n = -4*l - 2*n + i, 0 = l - 5*n - 8. Is l a prime number?
False
Suppose 6 = -4*y + 5*w - 2, -5*y = 3*w - 27. Let g(c) = 2*c**3 + 2*c**2 - 2*c - 1. Is g(y) a composite number?
True
Let o(z) = -2*z - 3. Let f be o(-4). Suppose -18 + 3 = -f*a. Suppose 3*p - 48 = -a*b, 0*b - 10 = 2*b. Is p a prime number?
False
Let r(p) = p**2 - 9*p + 6. Let g be r(5). Let h = 99 - g. Is h prime?
True
Let c = 5 + 0. Suppose -36 - 32 = -g - c*n, -5*n = 4*g - 317. Is g a composite number?
False
Suppose 5*f - 861 + 5926 = 5*g, -2*f = 2*g - 2010. Is g composite?
False
Suppose -3*i + 483 = -0*i. Is i a composite number?
True
Let b(g) = 48*g**2 - 2*g - 1. Let q(z) = 2*z + 0 + 2 - z. Let c be q(-3). Is b(c) a prime number?
False
Let k = 0 + -3. Let b be 3/1 - k/(-3). Is (196/(-8))/(b/(-4)) a composite number?
True
Suppose -3*p = 3*a - 1056, -3*p - 1417 = -7*p + 5*a. Is p prime?
True
Suppose 3*l - 12 = 2*w - l, -5*w + l = 3. Suppose w = x - 96 + 1. Is x prime?
False
Let w(r) = -6*r - 8. Let v be w(7). Let y = 7 - v. Suppose h = 4*h - y. Is h a composite number?
False
Suppose 4*n - 251 = 561. Is n a prime number?
False
Suppose -3*l + 15*l - 660 = 0. Is l a composite number?
True
Let v = -14 + 36. Let q = -3 + v. Is q prime?
True
Suppose 3*l + l + 12 = 0. Let w = -4 - l. Is 15 - (1 + w) - 0 composite?
True
Let y(s) = -s**3 - 12*s**2 - s - 4. Let a be y(-12). Let u = -5 + a. Suppose u*o - 74 = 175. Is o composite?
False
Let m be (12/8)/(6/8). Let q(h) = 3*h**2 + 2*h**m - 3 + h - 2*h**2. Is q(-3) a prime number?
False
Let u(m) = 51*m**2 - 13*m + 1. Is u(-8) prime?
False
Let t(l) = -12*l + 2. Let x be t(-2). Suppose 2*a + 5*g - 4 = a, 2*a - x = -g. Is a a prime number?
False
Suppose a + 4*b + 39 = 4, -125 = 5*a - 5*b. Is (-4)/(-18) + (-399)/a a prime number?
False
Let a = 31 + 89. Is a - (2 - (-1 - -2)) prime?
False
Suppose 2*z + 2*i = 7*i + 69, -5*z - 3*i = -95. Let j = 37 - z. Suppose p - 32 = -3*s + j, 0 = 5*s - 5*p - 45. Is s composite?
True
Let j(z) = 4*z**2 - 1. Is j(9) prime?
False
Suppose -3*w + z = -62, -4*w = z + z - 86. Is w a composite number?
True
Let o(l) = -l**3 + 7*l**2 - 8*l + 9. Let j be o(6). Let w(t) = -4*t + t**3 - 3*t**3 - 2 + 3*t**3 + 4*t**2. Is w(j) composite?
False
Is 2793*1 - (36 + -40) prime?
True
Let m(l) = 119*l + 2. Let h be m(-4). Is h/(-4)*(-8)/(-12) prime?
True
Is (2 - -1)*(-545)/(-5) a composite number?
True
Let c = -7 + 5. Is -19*1/2*c composite?
False
Let s = -22 - -30. Is -26*((-84)/s + -4) a composite number?
True
Let g(f) = -3 - f - f**2 - 2*f - 8*f. Let i = 18 - 28. Is g(i) a composite number?
False
Let p(v) = 1710*v - 1. Is p(1) a composite number?
False
Let f(y) be the third derivative of -y**4/24 - y**3/6 - 4*y**2. Let v be f(-5). Let p(l) = l**2 + l - 5. Is p(v) prime?
False
Suppose -2*t + 18 = t. Let o(b) be the first derivative of 33*b**2/2 - 7*b - 4. Is o(t) a composite number?
False
Suppose 2*v - 507 = -0*v + c, 2*v + 3*c = 511. Is (1 - 2)/((-2)/v) composite?
False
Let x be ((-5)/2)/((-30)/24). Suppose -x*j = -j - 113. Is j a prime number?
True
Suppose 3*v = -9, -3*j - 338 = -5*j + 4*v. Is j a prime number?
True
Let l = -21 - -21. Suppose -t = -g + t + 449, -t - 2 = l. Is g a prime number?
False
Suppose -2*o = o - 102. Suppose 0 = 3*g + o - 517. Is g prime?
False
Suppose -5*p + p = 0, -p = -f + 449. Is f prime?
True
Suppose -3*m - 38 = 1. Let u = -8 - m. Suppose -3*f + 5*f = -2, 4*w = -u*f + 567. Is w a prime number?
False
Suppose 0 = 4*o + 12, 0*g + g + 10 = -4*o. Suppose 0 = -4*m + g*m + 1130. Suppose m = 2*n + 3*n. Is n a prime number?
True
Suppose -13 = 5*w - 3*b - 2088, -5*w = -2*b - 2075. Is w composite?
True
Let o be (3 + 1)*738/(-24). Is (1 - o)*33/44 a prime number?
False
Suppose 18 = 2*q - 4*n, 2*q + n = -2*q + 9. Suppose -q = 4*r - 23. Suppose 195 = r*s - 0*s. Is s a prime number?
False
Is (-6)/(-4)*-274*-1 prime?
False
Is 3/(-3)*(0 - 851) prime?
False
Suppose 4*k = h + 6, 2*k - 18 = -2*k - 5*h. Suppose -1 + 11 = k*n. Suppose 100 = 2*a + n*q, -4*q + 102 = -0*a + 2*a. Is a a prime number?
False
Suppose -443 = -5*h + l, -3*h + 4*l = -6*h + 275. Is h prime?
True
Suppose 0*d + d - 3 = 0. Suppose h = j - 7, d*h + h + 10 = -5*j. Suppose -j*m = -m - 89. Is m prime?
True
Let a = -218 - -427. Is a a composite number?
True
Let n(k) = -24*k + 2. Let b be n(2). Let d = b - -131. Is d prime?
False
Let l be 5/20 - (-198)/8. Suppose 3*i = -15, -4*m + 2*i - l = 3*i. Is ((-6)/(-5))/((-2)/m) a prime number?
True
Let b(d) be the third derivative of d**6/120 - d**5/60 - 5*d**4/12 + 2*d**3/3 + 3*d**2. Let c be b(7). Suppose 3*u - c = -87. Is u composite?
False
Let d(j) be the first derivative of 413*j**2/2 - 4*j - 2. Let t be d(3). Is t/35 - (-4)/(-14) a prime number?
False
Let n = -8 + 2. Is (0 - n/3) + 263 a prime number?
False
Let o = 60 - 118. Let g = -27 - o. Is g prime?
True
Let i(u) = -u**3 - 5*u**2 - 4*u. Let n be i(-4). Suppose 2*z - 106 = -n*z. Is z composite?
False
Let d(z) = -z**3 + 2*z**2 - 2*z + 1. Let x be d(4). Let l be x/(-15) + 4/10. Suppose -5*a + l = -27. Is a a prime number?
False
Suppose 0 = 3*l + 244 - 715. Is l composite?
False
Let o(j) = -j**3 + 11*j**2 - j + 2. Let v be o(11). Let h = v + 46. Is h prime?
True
Let l = 15 - -4. Is l a prime number?
True
Suppose -5*k - 23 = -4*k. Let s be 2 + -1 - (2 + k). Let t = 55 + s. Is t a composite number?
True
Let p be (-2)/9 - 10664/(-36). Let j be (3/(-2))/(6/p). Is -2 + j*(-1)/2 a composite number?
True
Let t(u) = -3*u**2 + 3*u**3 + 1 - 3*u**3 - u - 5*u**3 - 3*u**3. Is t(-2) composite?
True
Let y = -86 - -297. Is y a composite number?
False
Let l(b) = 6*b**3 - 5*b**2 + 5*b + 138. Let y(z) = -7*z**3 + 6*z**2 - 6*z - 137. Let r(o) = 6*l(o) + 5*y(o). Is r(0) a composite number?
True
Is 12880/24 - ((-4)/3 - -1) prime?
False
Let y = 494 + 579. Is y prime?
False
Suppose -5*g - 447 = -8*g. Is g a composite number?
False
Let m(l) = -6*l**2 - 2*l + 1. Let o(g) = 6*g**2 + 3*g - 1. Let h(d) = 3*m(d) + 4*o(d). Is h(-7) prime?
True
Let s = -87 - -193. Is s a prime number?
False
Suppose -2*o + 4*l = -534, o - 2*o + l = -263. Is o a composite number?
True
Suppose 4*s = -2*h - 2, 3*s + 5 = 2. Suppose h - 77 = -4*k. Is k composite?
False
Let b = 5 + -1. Let 